igit of 199525?
9
What is the millions digit of 10757404?
0
What is the thousands digit of 748353?
8
What is the tens digit of 28732897?
9
What is the hundred thousands digit of 119682?
1
What is the tens digit of 528995?
9
What is the thousands digit of 73370?
3
What is the hundreds digit of 418688?
6
What is the tens digit of 5047327?
2
What is the ten thousands digit of 47161?
4
What is the units digit of 4042493?
3
What is the millions digit of 1383016?
1
What is the millions digit of 2741824?
2
What is the millions digit of 3235340?
3
What is the tens digit of 13031928?
2
What is the units digit of 1252900?
0
What is the tens digit of 339592?
9
What is the hundred thousands digit of 1721422?
7
What is the ten thousands digit of 362432?
6
What is the ten thousands digit of 4789588?
8
What is the thousands digit of 189012?
9
What is the units digit of 392635?
5
What is the hundred thousands digit of 1017966?
0
What is the thousands digit of 412478?
2
What is the ten thousands digit of 34705?
3
What is the millions digit of 2551667?
2
What is the hundred thousands digit of 201723?
2
What is the thousands digit of 663669?
3
What is the hundreds digit of 1925951?
9
What is the hundreds digit of 33131?
1
What is the millions digit of 1221469?
1
What is the hundred thousands digit of 569480?
5
What is the ten thousands digit of 845580?
4
What is the ten millions digit of 15788509?
1
What is the tens digit of 31177015?
1
What is the hundreds digit of 1024831?
8
What is the units digit of 1650070?
0
What is the ten thousands digit of 299289?
9
What is the hundreds digit of 493206?
2
What is the units digit of 176742?
2
What is the units digit of 4415658?
8
What is the units digit of 31428512?
2
What is the tens digit of 3449182?
8
What is the thousands digit of 565276?
5
What is the hundreds digit of 6241944?
9
What is the hundred thousands digit of 7182029?
1
What is the thousands digit of 38724782?
4
What is the units digit of 248972?
2
What is the thousands digit of 278192?
8
What is the hundred thousands digit of 616820?
6
What is the millions digit of 1630363?
1
What is the ten thousands digit of 33242621?
4
What is the units digit of 1070576?
6
What is the hundred thousands digit of 377406?
3
What is the hundreds digit of 20666663?
6
What is the hundred thousands digit of 7829989?
8
What is the ten thousands digit of 922592?
2
What is the millions digit of 18320440?
8
What is the thousands digit of 2005066?
5
What is the thousands digit of 1576632?
6
What is the millions digit of 15526476?
5
What is the hundreds digit of 201768?
7
What is the units digit of 15140908?
8
What is the millions digit of 6572403?
6
What is the ten thousands digit of 1632498?
3
What is the ten thousands digit of 13374169?
7
What is the units digit of 4462046?
6
What is the units digit of 216509?
9
What is the hundred thousands digit of 1750691?
7
What is the units digit of 430794?
4
What is the hundred thousands digit of 556344?
5
What is the hundreds digit of 22688387?
3
What is the thousands digit of 72742?
2
What is the ten thousands digit of 2063711?
6
What is the units digit of 538801?
1
What is the ten thousands digit of 3078381?
7
What is the hundred thousands digit of 2089528?
0
What is the thousands digit of 9900524?
0
What is the thousands digit of 10835?
0
What is the ten thousands digit of 231217?
3
What is the thousands digit of 10004223?
4
What is the units digit of 7149141?
1
What is the units digit of 1105777?
7
What is the hundred thousands digit of 204065?
2
What is the units digit of 2975404?
4
What is the hundreds digit of 820538?
5
What is the hundred thousands digit of 8656251?
6
What is the hundreds digit of 678155?
1
What is the ten thousands digit of 269377?
6
What is the thousands digit of 154324?
4
What is the hundreds digit of 448505?
5
What is the tens digit of 340569?
6
What is the thousands digit of 20203951?
3
What is the thousands digit of 5306572?
6
What is the millions digit of 1588800?
1
What is the hundred thousands digit of 225920?
2
What is the millions digit of 1794289?
1
What is the tens digit of 356208?
0
What is the units digit of 17841198?
8
What is the thousands digit of 137590?
7
What is the thousands digit of 2214385?
4
What is the thousands digit of 523530?
3
What is the ten thousands digit of 295822?
9
What is the units digit of 5878858?
8
What is the tens digit of 112050?
5
What is the hundred thousands digit of 3284374?
2
What is the millions digit of 15755655?
5
What is the thousands digit of 14519?
4
What is the hundred thousands digit of 21248063?
2
What is the ten thousands digit of 518982?
1
What is the thousands digit of 82078?
2
What is the hundreds digit of 88143?
1
What is the ten thousands digit of 28807?
2
What is the hundreds digit of 8982501?
5
What is the millions digit of 1651699?
1
What is the hundreds digit of 7633056?
0
What is the ten thousands digit of 1948948?
4
What is the thousands digit of 37397?
7
What is the millions digit of 29144517?
9
What is the ten millions digit of 19434083?
1
What is the thousands digit of 9118297?
8
What is the thousands digit of 704915?
4
What is the hundred thousands digit of 1500529?
5
What is the hundreds digit of 3824053?
0
What is the thousands digit of 7178700?
8
What is the thousands digit of 164276?
4
What is the units digit of 4831727?
7
What is the units digit of 93290?
0
What is the millions digit of 10620868?
0
What is the units digit of 161079?
9
What is the units digit of 196556?
6
What is the hundred thousands digit of 115116?
1
What is the ten thousands digit of 132394?
3
What is the units digit of 11033723?
3
What is the ten thousands digit of 3870370?
7
What is the hundred thousands digit of 349564?
3
What is the ten thousands digit of 2982062?
8
What is the ten thousands digit of 20791?
2
What is the units digit of 2072133?
3
What is the ten thousands digit of 115809?
1
What is the tens digit of 306196?
9
What is the hundreds digit of 1329366?
3
What is the tens digit of 18022?
2
What is the tens digit of 135331?
3
What is the units digit of 258718?
8
What is the units digit of 227775?
5
What is the tens digit of 207806?
0
What is the hundred thousands digit of 211463?
2
What is the thousands digit of 855246?
5
What is the hundreds digit of 2336741?
7
What is the ten thousands digit of 1917541?
1
What is the units digit of 1393755?
5
What is the ten thousands digit of 5658596?
5
What is the ten thousands digit of 730641?
3
What is the hundreds digit of 1569589?
5
What is the ten thousands digit of 1944711?
4
What is the ten thousands digit of 17369196?
6
What is the millions digit of 1723783?
1
What is the units digit of 5589816?
6
What is the ten thousands digit of 418473?
1
What is the hundred thousands digit of 2762243?
7
What is the thousands digit of 2941449?
1
What is the ten millions digit of 22438827?
2
What is the thousands digit of 15031889?
1
What is the tens digit of 1866315?
1
What is the tens digit of 11794182?
8
What is the tens digit of 898980?
8
What is the ten thousands digit of 14603?
1
What is the units digit of 7699099?
9
What is the hundreds digit of 33092?
0
What is the hundred thousands digit of 4327982?
3
What is the units digit of 138235?
5
What is the hundred thousands digit of 119211?
1
What is the tens digit of 1744437?
3
What is the thousands digit of 392254?
2
What is the hundreds digit of 843?
8
What is the hundred thousands digit of 206552?
2
What is the ten thousands digit of 5024613?
2
What is the hundred thousands digit of 1025139?
0
What is the hundred thousands digit of 33605227?
6
What is the ten thousands digit of 51801?
5
What is the hundred thousands digit of 1219169?
2
What is the hundred thousands digit of 3798786?
7
What is the millions digit of 7158364?
7
What is the hundreds digit of 1564082?
0
What is the ten thousands digit of 351589?
5
What is the hundreds digit of 275516?
5
What is the hundreds digit of 833953?
9
What is the thousands digit of 10860663?
0
What is the thousands digit of 602975?
2
What is the hundreds digit of 2244742?
7
What is the ten thousands digit of 10549987?
4
What is the hundreds digit of 21716007?
0
What is the tens digit of 10843453?
5
What is the hundred thousands 